{"id":2688,"date":"2017-02-13T04:57:53","date_gmt":"2017-02-13T04:57:53","guid":{"rendered":"http:\/\/themes.potenzaglobal.com\/cardealer\/?page_id=2688"},"modified":"2023-11-28T09:17:31","modified_gmt":"2023-11-28T09:17:31","slug":"privacy-policy-2","status":"publish","type":"page","link":"https:\/\/carverifies.com\/?page_id=2688","title":{"rendered":"Pol\u00edtica de Privacidad"},"content":{"rendered":"<section class=\"wpb-content-wrapper\"><p>[vc_row][vc_column]\t<div id=\"cd_space_69d6365a373b6\" class=\"cd-space cd-space-69d6365a373bd \" style=\"clear:both; display:block;\"><\/div>\n\t<style type=\"text\/css\">#cd_space_69d6365a373b6{height:80px;}@media only screen and (max-width: 1200px){#cd_space_69d6365a373b6{ height:70px; } }@media only screen and (max-width: 992px) {#cd_space_69d6365a373b6{ height:60px; } }@media only screen and (max-width: 767px) {#cd_space_69d6365a373b6{ height:50px; } }@media only screen and (max-width: 479px) {#cd_space_69d6365a373b6{ height:40px; } }<\/style>\n\t\t<div class=\"section-title text-left style_1\">\n\t\t\t\t\t\t<span>Protegiendo su informaci\u00f3n personal<\/span>\n\t\t\t\t\t\t\t<h1>Pol\u00edtica de Privacidad<\/h1>\n\t\t\t\t\t\t\t<div class=\"separator\"><\/div>\n\t\t\t\t\t<\/div>\n\t[vc_column_text css=&#8221;.vc_custom_1701163043289{margin-bottom: 10px !important;}&#8221;]<\/p>\n<div>En CarVerifies, nos comprometemos a proteger la privacidad y seguridad de los datos personales de nuestros usuarios y clientes. Esta Pol\u00edtica de Privacidad describe c\u00f3mo recopilamos, utilizamos, compartimos y protegemos la informaci\u00f3n que obtenemos durante la navegaci\u00f3n o contrataci\u00f3n de nuestros servicios a trav\u00e9s de nuestro sitio web. Al utilizar nuestro sitio web, aceptas esta pol\u00edtica de privacidad.<\/div>\n<div><\/div>\n<div><strong>1. Recopilaci\u00f3n, finalidad y tratamiento de datos<\/strong><\/div>\n<div>CarVerifies informa a los usuarios de su sitio web sobre la recopilaci\u00f3n de datos personales que se pueden llevar a cabo a trav\u00e9s del env\u00edo de correos electr\u00f3nicos o al completar los formularios incluidos en el sitio web. En este sentido, CarVerifies ser\u00e1 considerada responsable de los datos recopilados. La finalidad del tratamiento de los datos recopilados incluye: atender solicitudes de los usuarios, gestionar la relaci\u00f3n comercial, incluir en la agenda de contactos, prestar servicios y enviar correos electr\u00f3nicos con informaci\u00f3n relevante, como descuentos y promociones puntuales. Todas las operaciones t\u00e9cnicas que se realicen para la recopilaci\u00f3n, almacenamiento, modificaci\u00f3n, transferencia y otras acciones sobre datos personales se considerar\u00e1n tratamientos de datos personales. Los datos personales recopilados a trav\u00e9s del sitio web de CarVerifies ser\u00e1n incorporados a los ficheros declarados ante la Agencia Espa\u00f1ola de Protecci\u00f3n de Datos.<\/div>\n<div><\/div>\n<div><strong>2. Comunicaci\u00f3n de informaci\u00f3n a terceros<\/strong><\/div>\n<div>CarVerifies informa a los usuarios de que sus datos personales no ser\u00e1n cedidos a terceras organizaciones, salvo que exista una obligaci\u00f3n legal o sea necesario para la prestaci\u00f3n de un servicio en el marco de una relaci\u00f3n contractual con un encargado de tratamiento. En este \u00faltimo caso, la cesi\u00f3n de datos al tercero solo se realizar\u00e1 con el consentimiento expreso del usuario.<\/div>\n<div><\/div>\n<div><strong>3. Seguridad de la informaci\u00f3n. describe alguna<\/strong><\/div>\n<div>Implementamos medidas de seguridad apropiadas para proteger la informaci\u00f3n personal recopilada contra p\u00e9rdida, uso indebido, acceso no autorizado, divulgaci\u00f3n, alteraci\u00f3n y destrucci\u00f3n.<\/div>\n<div><\/div>\n<div><strong>4. Derechos de los usuarios<\/strong><\/div>\n<div>Los usuarios tienen derecho a acceder, rectificar, cancelar y oponerse al uso de sus datos personales. Para ejercer estos derechos o para realizar cualquier consulta relacionada con nuestra pol\u00edtica de privacidad, pueden ponerse en contacto con nosotros utilizando los siguientes datos de contacto:<\/div>\n<div><\/div>\n<div>\u25cf Nombre comercial: CarVerifies<\/div>\n<div>\u25cf NIF: 26261429Y<\/div>\n<div>\u25cf Direcci\u00f3n: Avenida del Pac\u00edfico, n\u00ba141. 29631 Benalm\u00e1dena, M\u00e1laga<\/div>\n<div>\u25cf Correo electr\u00f3nico: ccastillo@carverifies.com<\/div>\n<div><\/div>\n<div><strong>5. Cambios en la pol\u00edtica de privacidad<\/strong><\/div>\n<div>Nos reservamos el derecho de actualizar o modificar esta Pol\u00edtica de Privacidad en cualquier momento. Cualquier cambio ser\u00e1 notificado a los usuarios y publicado en nuestro sitio web.<\/div>\n<p>[\/vc_column_text]\t<div id=\"cd_space_69d6365a37413\" class=\"cd-space cd-space-69d6365a37415 \" style=\"clear:both; display:block;\"><\/div>\n\t<style type=\"text\/css\">#cd_space_69d6365a37413{height:80px;}@media only screen and (max-width: 1200px){#cd_space_69d6365a37413{ height:70px; } }@media only screen and (max-width: 992px) {#cd_space_69d6365a37413{ height:60px; } }@media only screen and (max-width: 767px) {#cd_space_69d6365a37413{ height:50px; } }@media only screen and (max-width: 479px) {#cd_space_69d6365a37413{ height:40px; } }<\/style>\n\t[\/vc_column][\/vc_row]<\/p>\n<\/section>","protected":false},"excerpt":{"rendered":"<p>[vc_row][vc_column][vc_column_text css=&#8221;.vc_custom_1701163043289{margin-bottom: 10px !important;}&#8221;] En CarVerifies, nos comprometemos a proteger la privacidad y seguridad de los datos personales de nuestros usuarios y clientes. Esta Pol\u00edtica de Privacidad describe c\u00f3mo recopilamos, utilizamos, compartimos y protegemos la informaci\u00f3n que obtenemos durante la navegaci\u00f3n o contrataci\u00f3n de nuestros servicios a trav\u00e9s de nuestro sitio web. Al utilizar nuestro [&hellip;]<\/p>\n","protected":false},"author":1,"featured_media":0,"parent":0,"menu_order":0,"comment_status":"closed","ping_status":"closed","template":"templates\/page-vc_compatible.php","meta":{"footnotes":""},"class_list":["post-2688","page","type-page","status-publish","hentry"],"acf":[],"jetpack_sharing_enabled":true,"_links":{"self":[{"href":"https:\/\/carverifies.com\/index.php?rest_route=\/wp\/v2\/pages\/2688"}],"collection":[{"href":"https:\/\/carverifies.com\/index.php?rest_route=\/wp\/v2\/pages"}],"about":[{"href":"https:\/\/carverifies.com\/index.php?rest_route=\/wp\/v2\/types\/page"}],"author":[{"embeddable":true,"href":"https:\/\/carverifies.com\/index.php?rest_route=\/wp\/v2\/users\/1"}],"replies":[{"embeddable":true,"href":"https:\/\/carverifies.com\/index.php?rest_route=%2Fwp%2Fv2%2Fcomments&post=2688"}],"version-history":[{"count":4,"href":"https:\/\/carverifies.com\/index.php?rest_route=\/wp\/v2\/pages\/2688\/revisions"}],"predecessor-version":[{"id":11342,"href":"https:\/\/carverifies.com\/index.php?rest_route=\/wp\/v2\/pages\/2688\/revisions\/11342"}],"wp:attachment":[{"href":"https:\/\/carverifies.com\/index.php?rest_route=%2Fwp%2Fv2%2Fmedia&parent=2688"}],"curies":[{"name":"wp","href":"https:\/\/api.w.org\/{rel}","templated":true}]}}